 -91*s**2 - 228*s + 5. Let i(o) = -6*g(o) - 13*p(o). Is i(6) a prime number?
True
Suppose -2*w + 6687 = 3*v, -3407 - 3295 = -3*v + 3*w. Suppose r - 3*r - 4*h = -10, r - 7 = -4*h. Suppose 4*y + r*b = 2221, -4*y + b - 2*b + v = 0. Is y prime?
False
Let r = 39 + -37. Suppose -r*y - 3*h = -1263, h - 5*h = 5*y - 3161. Is y composite?
True
Let f be ((-24)/(-30))/(3/15). Suppose 9*x + 4*c - 201 = f*x, 0 = 3*x - 2*c - 103. Is x composite?
False
Suppose -52*o = -58*o + 258. Let z(i) = -i**3 + 45*i**2 + 43*i - 58. Is z(o) prime?
False
Let i be ((-2703)/(-15) + -9)*-5. Let p = i + 999. Is p a composite number?
True
Suppose -31 = 5*z - 4*s + 44, -5*z = 5*s + 120. Let c(a) = 3*a - 28. Let x be c(z). Let j = x - -234. Is j a composite number?
False
Let l(i) = 90635*i**2 - 228*i - 230. Is l(-1) prime?
False
Suppose 4*p = 3*d + 1981096, 4*d - 396474 = 3*p - 1882303. Is p prime?
False
Is (2/(-8))/(14877525/(-7438756) - -2) prime?
True
Let i be (7/((-147)/(-6)))/((-1)/(-7)). Suppose 4*u = -5*z + 66, -2*u + i*z - 4 = -28. Is (-7382)/(-14) - u/49 a composite number?
True
Suppose 8*i + 3*r = 3*i + 77999, 10 = -5*r. Is i a prime number?
True
Let r(u) = u**3 - 9*u**2 - 10*u + 24. Let a be r(10). Let z be -165*a/(-45)*3. Let c = 442 - z. Is c composite?
True
Let t(b) = 20*b - 98. Let q be t(5). Suppose -2*f = -3*z + 566 + 2877, -5*z - q*f = -5765. Is z composite?
False
Let l = 21227 + 17169. Suppose 0 = 7*m - 28209 - l. Suppose 5*j - m = w - 5*w, w = -5. Is j prime?
True
Suppose -7*c - 11*c = -66780. Suppose 4*s + 754 - c = 0. Is s a prime number?
True
Let j be (-143)/4 - (-21)/(-84). Let i be j/(-24)*(-272)/(-3). Let z = i - -907. Is z composite?
True
Let x = 38 + -31. Suppose -10 = -x*k + 11. Suppose -k*c + 1519 - 178 = 0. Is c a composite number?
True
Suppose -3*b + 6*b - 18066 = 5*l, 24083 = 4*b - 5*l. Is b a prime number?
False
Let x(f) = 84*f**3 + 4*f**2 - 2*f - 13. Let c(j) = 2*j**2 + 8*j - 37. Let s be c(-7). Is x(s) composite?
True
Let u = -42289 - -22761. Let h = -10601 - u. Is h composite?
True
Suppose 0 = 4*r + 1732*b - 1728*b - 30408, 4*b = -20. Is r a composite number?
False
Let x(y) = -178*y + 5. Let l be x(10). Let g = l + 4754. Suppose g = -w + 10*w. Is w composite?
False
Let h(z) = z**2 - 25*z + 51. Let i be h(23). Suppose -4 = -i*r - n - 0, 12 = -4*r + 3*n. Is ((-3370)/4 - r)/(11/(-22)) a composite number?
True
Let q = -852720 - -1311523. Is q prime?
False
Let n = 26341 - 11744. Is n composite?
True
Let a be (-1)/9 - ((-614464)/(-9))/(-16). Suppose -5*w - 4*c = -38101, 2*w + 5*c - a = 10970. Is w prime?
True
Suppose -q + 89 = -5*l + 4, 3*l + 5*q = -23. Let z(c) = -c**3 - 5*c**2 + 23*c + 7. Is z(l) a composite number?
True
Let s(o) = -4*o**2 - 10*o - 47. Let t(i) = -i**2 + i. Let z(f) = -s(f) + t(f). Is z(-9) prime?
True
Let y(s) = -7*s**3 - 8 + 3 + 5*s**3 + 5*s**2 + 34*s - 3*s**2 + 6*s**2. Is y(-11) a prime number?
True
Let b(z) = z**3 + 4137 + 135*z - 135*z. Let o be b(0). Suppose 0 = -0*a + 7*a - o. Is a prime?
False
Let h(n) = -19*n - 104. Let w be h(-46). Suppose 5*f = -2 + 272. Suppose 4*q + f - w = 0. Is q prime?
True
Is (-1)/7 - 15260940/(-210) a prime number?
True
Let o = -11 - -8. Let k be 0/((4/o - -2)*-3). Let c(j) = -j**2 + j + 10. Is c(k) composite?
True
Is (-835388973)/(-2471) + 4/(-14) prime?
False
Let l(h) = -47*h - 50. Let w be ((-266)/35)/((-2)/(-5)). Is l(w) prime?
False
Suppose -177*l + 43710750 + 50270763 = 0. Is l a prime number?
True
Let i(o) = 4*o**2 - 101*o - 16. Let n be i(-16). Suppose -4*x + n = -2*v + 9130, 3 = -3*x. Is v a prime number?
True
Is ((-174)/290)/((-12)/10266950)*(-5 + 7) prime?
False
Suppose 2*s = -z - 29 + 756, 3*z - 5*s = 2203. Let c(f) = 94*f + 1696. Let k be c(-19). Let m = z - k. Is m a prime number?
True
Let s(r) = -13*r**3 - 104*r**2 + 29*r + 79. Is s(-22) a composite number?
True
Let w = -148 + 145. Let g be 2 + w/3 + 193. Let s = g + -127. Is s prime?
True
Let t(s) be the first derivative of -29*s**2 + 37*s - 47. Is t(-3) prime?
True
Let t(l) = l**3 - l**2 + l + 20. Let x be t(0). Suppose 18*v = x*v - 4918. Is v a prime number?
True
Let y(k) = -549*k + 302. Let i(b) = 1098*b - 604. Let n(d) = 4*i(d) + 7*y(d). Is n(29) prime?
True
Let f(x) = -1766*x - 1169. Is f(-36) a prime number?
False
Let k(j) = -j**3 + 72*j**2 + 739*j - 7. Is k(72) composite?
False
Let i(n) = -n**3 - 24*n**2 - 23*n + 26. Let m be i(-28). Is 3/(6/m)*21/21 prime?
False
Suppose 0 = 620*w - 587*w - 2142921. Is w prime?
True
Suppose 0 = 4*i + 5*r + 2307, 0 = -5*i - 5*r + 10*r - 2895. Suppose -p + 591 = -472. Let c = i + p. Is c composite?
True
Suppose -16*n - 150 = 9*n. Is 3 - 4/n*6582 a composite number?
False
Let r = 79 + -134. Let j = r + 59. Let p(c) = 21*c - 7. Is p(j) a composite number?
True
Suppose 24 = 5*a - a. Let o be 4 + (-2)/4*a + 2. Suppose -o*z + 2*z = -j - 890, 0 = -3*z + 4*j + 2673. Is z prime?
True
Suppose 0 = -301*z + 118*z + 152*z + 11486647. Is z a prime number?
True
Suppose 3*v + 4*b - 4668547 = 0, 0 = -402*b + 403*b - 4. Is v composite?
True
Let r(g) = g**3 - 37*g**2 - 76*g - 75. Let z be r(39). Suppose -z*p = -4*w - 2199, w + 1526 = 3*p - 682. Is p a composite number?
True
Is (-6)/(-11) - 1220471330/(-1430) prime?
True
Suppose 0*c - 5*c + 178277 = -59088. Is c a prime number?
False
Suppose -p - 4*q = -209841, -3*p + q - 134364 + 763913 = 0. Is p a prime number?
False
Is 293214/4*(-69)/((-828)/40) a prime number?
False
Let i = 48 + -30. Let g = -12 + i. Is (-24)/g - -2 - (0 - 2335) a prime number?
True
Let y(b) = 2059*b**2 - 20*b. Let a be ((-2)/(-30)*3)/(10/50). Is y(a) composite?
False
Let z = -175 - -175. Suppose z = -7*b + 3275 + 4684. Is b prime?
False
Let l(v) = v**2 + 19*v + 74. Let s be l(-5). Suppose s*o + u = -47 + 3814, -2*o - 5*u + 1861 = 0. Is o prime?
False
Is 30/(-20) - ((-3774135)/6)/5 a prime number?
True
Suppose 53*l - 12 = 51*l. Let d(h) = 3*h - 14. Let a be d(l). Suppose 5*t - 3900 = -5*o, a*t + 0*o - 3125 = o. Is t prime?
False
Suppose 3*k - 73666 = -3*v + 8*v, 5*k = 4*v + 122755. Is k a composite number?
False
Let j = 86008 + -26019. Is j composite?
True
Let x(h) = 12*h**2 + 15*h + 16. Let j be x(13). Let q = -1220 + j. Is q a prime number?
True
Suppose i - 30 = 68. Let b = i - 93. Suppose 5567 = -b*u - 5*k + 14347, 12 = -4*k. Is u a composite number?
False
Suppose -x = 7*x - 96. Suppose x*a = 9233 + 1219. Suppose -5*j = 5*y - 4*y - a, 0 = -j + 4. Is y a prime number?
False
Suppose 12846474 = 298*j - 76*j. Is j a composite number?
True
Let k(p) = 2*p**3 + p**2 - p + 2. Let t be k(0). Let y(f) = 8*f**2 + 16 - 2 + 9*f + 3*f**t + 7. Is y(-7) a prime number?
False
Let m = -243 - -249. Suppose -2*u - m*u + 66568 = 0. Is u a composite number?
True
Let l = 76 + -72. Let v(j) = -10*j**3 - 11*j**2 - 11*j + 9. Let o(x) = 7*x**3 + 7*x**2 + 7*x - 6. Let u(i) = 8*o(i) + 5*v(i). Is u(l) composite?
False
Suppose 30 + 70 = -4*f. Let z be (-15)/6*20/f. Suppose -3126 = -z*n + 4*v, 3*v + v = -3*n + 4669. Is n prime?
True
Let f = -636005 - -912084. Is f a prime number?
True
Suppose 3*v = -3*a + 351814 + 81686, -2*a = -5*v + 722535. Is v a prime number?
False
Suppose -27*t = -28*t. Suppose t = -l - 2, -d + 5*d = l + 16710. Is d a composite number?
False
Let d = 65 - 39. Let q = d + -29. Let u(w) = -76*w**3 - 3*w - 8. Is u(q) composite?
False
Let z(c) = -c**2 - 16*c - 18. Let b be z(-15). Let n be 5*2*(-9 - -8). Is ((-2)/b)/(n/(-4965)) a prime number?
True
Let g = -553 - -554. Is 217587/27 + g + (-21)/27 composite?
False
Is 4 - (-17 + -279805 + -3) a prime number?
False
Is 1624/(-56)*(-71542)/2 prime?
False
Suppose 3*f + 6*z = 11*z - 6, 2*z = -3*f + 15. Suppose -2*u - 4*g = -f*u + 2371, u - 2362 = g. Is u composite?
True
Suppose 0*x - 48 = -12*x. Suppose 2*s = 5*i - 2*s - 2903, -x*i + s = -2329. Is i prime?
False
Let o be (6/18)/(1/15). Suppose 0 = o*y - m - 35840, 35820 = 5*y - 5*m - 0*m. Suppose -2*f + c = -y, 0*c - 3*c - 3572 = -f. Is f a prime number?
False
Suppose -7*h - 160806 - 95648 = -29*h. Is h composite?
False
Let n be 19723750/350 + 3/7. Suppose 86170 + n = 36*l. Is l composite?
True
Let v(x) be the third derivative of 157*x**4/12 + 29*x**3/2 + 23*x**2 + 1. Is v(4) a prime number?
False
Suppose 5505 = 5*r - 4560. Let p = 3050 - r. Is p a composite number?
True
Let h(r) = 10*r + 136. Let u be h